{"id":157,"date":"2013-03-24T13:23:00","date_gmt":"2013-03-24T11:23:00","guid":{"rendered":"http:\/\/pc-mac.se\/word\/?page_id=157"},"modified":"2025-06-29T17:17:56","modified_gmt":"2025-06-29T16:17:56","slug":"lou","status":"publish","type":"page","link":"http:\/\/korda.org\/?page_id=157","title":{"rendered":"Lou T Lundqvist &#8211; Bildkonstn\u00e4r"},"content":{"rendered":"<p style=\"font-family: Arial, Helvetica, sans-serif;\"><span style=\"font-size: medium;\">Scenograf \/ Ljusdesigner \/ Bildkonstn\u00e4r \/ Musiker<\/span><\/p>\n<p style=\"font-family: Arial, Helvetica, sans-serif;\"><a href=\"http:\/\/korda.org\/?attachment_id=982\" rel=\"attachment wp-att-982\"><img loading=\"lazy\" decoding=\"async\" class=\"alignnone wp-image-982\" src=\"http:\/\/korda.org\/wp-content\/uploads\/2015\/03\/cropped-KAIM-Dunker-1A-Small-300x59.jpg\" alt=\"cropped-KAIM-Dunker-1A-Small.jpg\" width=\"350\" height=\"75\"><\/a><\/p>\n<p style=\"font-family: Arial, Helvetica, sans-serif;\"><span style=\"font-size: medium; color: #ff6600;\">Konstutst\u00e4llningar, dansscenografi och filmverk av Lou T Lundqvist<\/span><\/p>\n<p style=\"font-family: Arial, Helvetica, sans-serif; font-size: 16px;\"><span style=\"font-size: medium;\">Lou T Lundqvist har arbetat konstn\u00e4rligt med teater, dans och film sedan 1979 i Sverige och Europa samt USA. <\/span><\/p>\n<p style=\"font-family: Arial, Helvetica, sans-serif; font-size: 16px;\"><span style=\"font-size: medium;\">Lou&nbsp;skapar scenografi och ljusdesign, musikverk, grafik samt&nbsp;filmen STRAHERE, som&nbsp;\u00e4r inspelad i och kring vattenfallet i Kloster, Husby Ringen i Dalarna.&nbsp;<\/span>Filmen \u00e4r ett collage av Lou\u00b4s foto, bildkonst och musik samt dansarna i vattenfallet.<\/p>\n<p>STRAHERE on Vimeo<\/p>\n<p><a href=\"https:\/\/vimeo.com\/363910595\">https:\/\/vimeo.com\/363910595<\/a><\/p>\n<p style=\"font-family: Arial, Helvetica, sans-serif; font-size: 16px;\"><span style=\"font-size: medium;\">Lou T Lundqvist visar sin bildkonst i Galleri Klingbyggningen, Matsesg\u00e5rden Stigsbo samt i Hedemora Kommunhus och Galleri Boken, Hofors under 2018 &#8211; 2025.<\/span><\/p>\n<p>S\u00e4ters kommun har k\u00f6pt in 5 konstverk av Lou T Lundqvist under 2024. Mer info om detta kommer senare.<\/p>\n<p style=\"font-family: Arial, Helvetica, sans-serif; font-size: 16px;\"><span style=\"font-size: medium;\">\u201d<i>J<\/i><i>ag har alltid m\u00e5lat i mitt arbete som ljuss\u00e4ttare och scenograf, d\u00e4r jag m\u00e5lar med ljuset och tillsammans med scenografiska element skapar dynamiska bilder i scenrummet.&nbsp;<\/i><i>M<\/i><i>itt arbete med bildkonst &#8211; grafik och akrylm\u00e5leri, \u00e4r ett bildskapande som f\u00f6r mej \u00e4r ytterligare en dimension, n\u00e5got mer best\u00e4ndigt och faktiskt mer utmanande, d\u00e4r mina verkligt egna sj\u00e4lsliga processer ges uttryck och det jag vill uttrycka om min relation till, och min tolkning av, omv\u00e4rlden.\u201d<\/i><\/span><\/p>\n<p style=\"font-family: Arial, Helvetica, sans-serif; font-size: 16px;\"><strong><i>&nbsp;<\/i><\/strong><\/p>\n<p style=\"font-family: Arial, Helvetica, sans-serif; font-size: 16px;\"><strong>&nbsp;<\/strong><\/p>\n","protected":false},"excerpt":{"rendered":"<p>Scenograf \/ Ljusdesigner \/ Bildkonstn\u00e4r \/ Musiker Konstutst\u00e4llningar, dansscenografi och filmverk av Lou T Lundqvist Lou T Lundqvist har arbetat konstn\u00e4rligt med teater, dans och film sedan 1979 i Sverige och Europa samt USA. Lou&nbsp;skapar scenografi och ljusdesign, musikverk, grafik &hellip; <a class=\"more-link\" href=\"http:\/\/korda.org\/?page_id=157\">L\u00e4s mer <span class=\"meta-nav\">&rarr;<\/span><\/a><\/p>\n","protected":false},"author":1,"featured_media":0,"parent":148,"menu_order":0,"comment_status":"closed","ping_status":"closed","template":"","meta":{"ngg_post_thumbnail":0,"footnotes":""},"class_list":["post-157","page","type-page","status-publish","hentry"],"_links":{"self":[{"href":"http:\/\/korda.org\/index.php?rest_route=\/wp\/v2\/pages\/157","targetHints":{"allow":["GET"]}}],"collection":[{"href":"http:\/\/korda.org\/index.php?rest_route=\/wp\/v2\/pages"}],"about":[{"href":"http:\/\/korda.org\/index.php?rest_route=\/wp\/v2\/types\/page"}],"author":[{"embeddable":true,"href":"http:\/\/korda.org\/index.php?rest_route=\/wp\/v2\/users\/1"}],"replies":[{"embeddable":true,"href":"http:\/\/korda.org\/index.php?rest_route=%2Fwp%2Fv2%2Fcomments&post=157"}],"version-history":[{"count":33,"href":"http:\/\/korda.org\/index.php?rest_route=\/wp\/v2\/pages\/157\/revisions"}],"predecessor-version":[{"id":1826,"href":"http:\/\/korda.org\/index.php?rest_route=\/wp\/v2\/pages\/157\/revisions\/1826"}],"up":[{"embeddable":true,"href":"http:\/\/korda.org\/index.php?rest_route=\/wp\/v2\/pages\/148"}],"wp:attachment":[{"href":"http:\/\/korda.org\/index.php?rest_route=%2Fwp%2Fv2%2Fmedia&parent=157"}],"curies":[{"name":"wp","href":"https:\/\/api.w.org\/{rel}","templated":true}]}}