{"id":1370,"date":"2021-07-02T10:37:45","date_gmt":"2021-07-02T09:37:45","guid":{"rendered":"http:\/\/korda.org\/wp-content\/uploads\/2021\/07\/KAIM-Matses-Dansforestallningen-2021-A6.jpg"},"modified":"2021-07-02T10:38:27","modified_gmt":"2021-07-02T09:38:27","slug":"kaim-matses-dansforestallningen-2021-a6","status":"inherit","type":"attachment","link":"https:\/\/korda.org\/?attachment_id=1370","title":{"rendered":"KAIM Matses Dansf\u00f6rest\u00e4llningen 2021 A6"},"author":1,"featured_media":0,"comment_status":"open","ping_status":"closed","template":"","meta":{"ngg_post_thumbnail":0},"class_list":["post-1370","attachment","type-attachment","status-inherit","hentry"],"description":{"rendered":"<p class=\"attachment\"><a href='https:\/\/korda.org\/wp-content\/uploads\/2021\/07\/KAIM-Matses-Dansforestallningen-2021-A6.jpg'><img loading=\"lazy\" decoding=\"async\" width=\"213\" height=\"300\" src=\"https:\/\/korda.org\/wp-content\/uploads\/2021\/07\/KAIM-Matses-Dansforestallningen-2021-A6-213x300.jpg\" class=\"attachment-medium size-medium\" alt=\"Premi\u00e4r\" srcset=\"https:\/\/korda.org\/wp-content\/uploads\/2021\/07\/KAIM-Matses-Dansforestallningen-2021-A6-213x300.jpg 213w, https:\/\/korda.org\/wp-content\/uploads\/2021\/07\/KAIM-Matses-Dansforestallningen-2021-A6.jpg 429w\" sizes=\"auto, (max-width: 213px) 100vw, 213px\" \/><\/a><\/p>\n<p>Hirundo<br \/>\nDansf\u00f6rest\u00e4llning i Tr\u00e4dg\u00e5rden<\/p>\n"},"caption":{"rendered":"<p>Hirundo<\/p>\n <a class=\"more-link\" href=\"https:\/\/korda.org\/?attachment_id=1370\">L\u00e4s mer <span class=\"meta-nav\">&rarr;<\/span><\/a>"},"alt_text":"Premi\u00e4r","media_type":"image","mime_type":"image\/jpeg","media_details":{"width":429,"height":604,"file":"2021\/07\/KAIM-Matses-Dansforestallningen-2021-A6.jpg","sizes":{"medium":{"file":"KAIM-Matses-Dansforestallningen-2021-A6-213x300.jpg","width":213,"height":300,"mime_type":"image\/jpeg","source_url":"https:\/\/korda.org\/wp-content\/uploads\/2021\/07\/KAIM-Matses-Dansforestallningen-2021-A6-213x300.jpg"},"thumbnail":{"file":"KAIM-Matses-Dansforestallningen-2021-A6-150x150.jpg","width":150,"height":150,"mime_type":"image\/jpeg","source_url":"https:\/\/korda.org\/wp-content\/uploads\/2021\/07\/KAIM-Matses-Dansforestallningen-2021-A6-150x150.jpg"},"post-thumbnail":{"file":"KAIM-Matses-Dansforestallningen-2021-A6-429x188.jpg","width":429,"height":188,"mime_type":"image\/jpeg","source_url":"https:\/\/korda.org\/wp-content\/uploads\/2021\/07\/KAIM-Matses-Dansforestallningen-2021-A6-429x188.jpg"},"large-feature":{"file":"KAIM-Matses-Dansforestallningen-2021-A6-429x188.jpg","width":429,"height":188,"mime_type":"image\/jpeg","source_url":"https:\/\/korda.org\/wp-content\/uploads\/2021\/07\/KAIM-Matses-Dansforestallningen-2021-A6-429x188.jpg"},"small-feature":{"file":"KAIM-Matses-Dansforestallningen-2021-A6-213x300.jpg","width":213,"height":300,"mime_type":"image\/jpeg","source_url":"https:\/\/korda.org\/wp-content\/uploads\/2021\/07\/KAIM-Matses-Dansforestallningen-2021-A6-213x300.jpg"},"full":{"file":"KAIM-Matses-Dansforestallningen-2021-A6.jpg","width":429,"height":604,"mime_type":"image\/jpeg","source_url":"https:\/\/korda.org\/wp-content\/uploads\/2021\/07\/KAIM-Matses-Dansforestallningen-2021-A6.jpg"}},"image_meta":{"aperture":"2.2","credit":"","camera":"iPhone 6s","caption":"","created_timestamp":"1557499095","copyright":"","focal_length":"4.15","iso":"25","shutter_speed":"0.0090909090909091","title":"","orientation":"1","keywords":[]}},"post":307,"source_url":"https:\/\/korda.org\/wp-content\/uploads\/2021\/07\/KAIM-Matses-Dansforestallningen-2021-A6.jpg","_links":{"self":[{"href":"https:\/\/korda.org\/index.php?rest_route=\/wp\/v2\/media\/1370","targetHints":{"allow":["GET"]}}],"collection":[{"href":"https:\/\/korda.org\/index.php?rest_route=\/wp\/v2\/media"}],"about":[{"href":"https:\/\/korda.org\/index.php?rest_route=\/wp\/v2\/types\/attachment"}],"author":[{"embeddable":true,"href":"https:\/\/korda.org\/index.php?rest_route=\/wp\/v2\/users\/1"}],"replies":[{"embeddable":true,"href":"https:\/\/korda.org\/index.php?rest_route=%2Fwp%2Fv2%2Fcomments&post=1370"}],"wp:attached-to":[{"embeddable":true,"post_type":"page","id":307,"href":"https:\/\/korda.org\/index.php?rest_route=\/wp\/v2\/pages\/307"}],"curies":[{"name":"wp","href":"https:\/\/api.w.org\/{rel}","templated":true}]}}

KAIM Matses Dansföreställningen 2021 A6

<p class="attachment"><a href='https://korda.org/wp-content/uploads/2021/07/KAIM-Matses-Dansforestallningen-2021-A6.jpg'><img loading="lazy" decoding="async" width="213" height="300" src="https://korda.org/wp-content/uploads/2021/07/KAIM-Matses-Dansforestallningen-2021-A6-213x300.jpg" class="attachment-medium size-medium" alt="Premiär" srcset="https://korda.org/wp-content/uploads/2021/07/KAIM-Matses-Dansforestallningen-2021-A6-213x300.jpg 213w, https://korda.org/wp-content/uploads/2021/07/KAIM-Matses-Dansforestallningen-2021-A6.jpg 429w" sizes="auto, (max-width: 213px) 100vw, 213px" /></a></p>
<p>Hirundo<br />
Dansföreställning i Trädgården</p>

<p>Hirundo</p>
 <a class="more-link" href="https://korda.org/?attachment_id=1370">Läs mer <span class="meta-nav">&rarr;</span></a>

Premiär
