{"id":318,"date":"2013-04-10T18:58:00","date_gmt":"2013-04-10T18:58:00","guid":{"rendered":"http:\/\/pc-mac.se\/word\/?page_id=318"},"modified":"2025-03-10T12:41:23","modified_gmt":"2025-03-10T11:41:23","slug":"video","status":"publish","type":"page","link":"https:\/\/korda.org\/?page_id=318","title":{"rendered":"Video"},"content":{"rendered":"<div style=\"width: 640px;\" class=\"wp-video\"><video class=\"wp-video-shortcode\" id=\"video-318-1\" width=\"640\" height=\"360\" preload=\"metadata\" controls=\"controls\"><source type=\"video\/mp4\" src=\"http:\/\/korda.org\/wp-content\/uploads\/2013\/04\/Tres-Voches1.mp4?_=1\" \/><a href=\"http:\/\/korda.org\/wp-content\/uploads\/2013\/04\/Tres-Voches1.mp4\">http:\/\/korda.org\/wp-content\/uploads\/2013\/04\/Tres-Voches1.mp4<\/a><\/video><\/div>\n<p><strong>TRES VOCHES<\/strong><\/p>\n<p style=\"font-family: Arial, Helvetica, sans-serif;\">Koreografi \/ Regi : Linda Forsman<\/p>\n<p style=\"font-family: Arial, Helvetica, sans-serif;\">Ljus \/ Scen Design : Lou T Lundqvist<\/p>\n<p style=\"font-family: Arial, Helvetica, sans-serif;\">Dansare : Linda Blomqvist, Lisa Hennix, Madeleine Karlsson, Moa Westerlund och Jonathan D Sikell<\/p>\n<p style=\"font-family: Arial, Helvetica, sans-serif;\">Musik : Peter Schuback<\/p>\n<p>&nbsp;<\/p>\n<p><b>HIRUNDO<\/b><\/p>\n<p><a href=\"https:\/\/vimeo.com\/1049355489\">https:\/\/vimeo.com\/1049355489<\/a><\/p>\n<p>&nbsp;<\/p>\n<p>&nbsp;<\/p>\n<p>&nbsp;<\/p>\n<p>&nbsp;<\/p>\n<div style=\"width: 640px;\" class=\"wp-video\"><video class=\"wp-video-shortcode\" id=\"video-318-2\" width=\"640\" height=\"360\" preload=\"metadata\" controls=\"controls\"><source type=\"video\/mp4\" src=\"http:\/\/korda.org\/wp-content\/uploads\/2013\/04\/Travellers1.mp4?_=2\" \/><a href=\"http:\/\/korda.org\/wp-content\/uploads\/2013\/04\/Travellers1.mp4\">http:\/\/korda.org\/wp-content\/uploads\/2013\/04\/Travellers1.mp4<\/a><\/video><\/div>\n<p style=\"font-family: Arial, Helvetica, sans-serif;\"><strong>TRAVELLERS<\/strong><\/p>\n<p style=\"font-family: Arial, Helvetica, sans-serif;\">Koreografi \/ Koncept : Linda Forsman<\/p>\n<p style=\"font-family: Arial, Helvetica, sans-serif;\">Bildregi \/ Ljud : Lou T Lundqvist<\/p>\n<p style=\"font-family: Arial, Helvetica, sans-serif;\">Foto : Eric B\u00f6rjesson<\/p>\n<p style=\"font-family: Arial, Helvetica, sans-serif;\">Filmklipp : Jack Pergament &amp; Lou T Lundqvist<\/p>\n<p style=\"font-family: Arial, Helvetica, sans-serif;\">Dansare :&nbsp;Catharina Backteman, Charlotta Olsson, Maria H. Hammarlund, Sandro Gavino &#8211; Bastias<\/p>\n<p style=\"font-family: Arial, Helvetica, sans-serif;\">Musik : Vestmanniaensemblen : Fl\u00f6jt : Malin Trast, Oboe : Anders Berglund, Klarinett : G\u00f6ran H\u00e4gglund, Horn : Stellan Igelstr\u00f6m, Piano : Jan B\u00fclow<\/p>\n<p style=\"font-family: Arial, Helvetica, sans-serif;\">&nbsp;<\/p>\n<div style=\"width: 640px;\" class=\"wp-video\"><video class=\"wp-video-shortcode\" id=\"video-318-3\" width=\"640\" height=\"360\" preload=\"metadata\" controls=\"controls\"><source type=\"video\/mp4\" src=\"http:\/\/korda.org\/wp-content\/uploads\/2013\/04\/Nierika-kort1.mp4?_=3\" \/><a href=\"http:\/\/korda.org\/wp-content\/uploads\/2013\/04\/Nierika-kort1.mp4\">http:\/\/korda.org\/wp-content\/uploads\/2013\/04\/Nierika-kort1.mp4<\/a><\/video><\/div>\n<p style=\"font-family: Arial, Helvetica, sans-serif;\"><strong>Nierika &#8211; en dansfilm<\/strong><\/p>\n<p style=\"font-family: Arial, Helvetica, sans-serif;\">Koreografi \/ Regi : Linda Forsman<\/p>\n<p style=\"font-family: Arial, Helvetica, sans-serif;\">Ljus \/ Scen Design : Lou T Lundqvist<\/p>\n<p style=\"font-family: Arial, Helvetica, sans-serif;\">Fotograf : Peter \u00d6stlund<\/p>\n<p style=\"font-family: Arial, Helvetica, sans-serif;\">Filmklipp : Kerstin Eriksdotter<\/p>\n<p>Dansare : Linda Forsman, Camilla Wiehen, Paul Johnson, Robin Haggar, Michael Ramirez<\/p>\n<p style=\"font-family: Arial, Helvetica, sans-serif;\">Musik \/ Musiker : Lou T Lundqvist &amp; Johan Ask<\/p>\n<p>Kostym : Ann- Mari Anttila<\/p>\n<p>M\u00e5leri : H\u00e5kan Blomkvist<\/p>\n<p>Producent : Lou T Lundqvist<\/p>\n<p style=\"font-family: Arial, Helvetica, sans-serif;\">&nbsp;<\/p>\n<div style=\"width: 640px;\" class=\"wp-video\"><video class=\"wp-video-shortcode\" id=\"video-318-4\" width=\"640\" height=\"360\" preload=\"metadata\" controls=\"controls\"><source type=\"video\/mp4\" src=\"http:\/\/korda.org\/wp-content\/uploads\/2013\/04\/ARAMAR-i-Hallonbergen1.mp4?_=4\" \/><a href=\"http:\/\/korda.org\/wp-content\/uploads\/2013\/04\/ARAMAR-i-Hallonbergen1.mp4\">http:\/\/korda.org\/wp-content\/uploads\/2013\/04\/ARAMAR-i-Hallonbergen1.mp4<\/a><\/video><\/div>\n<p style=\"font-family: Arial, Helvetica, sans-serif;\"><strong>Aramar &#8211; platsen inom oss<\/strong><\/p>\n<p style=\"font-family: Arial, Helvetica, sans-serif;\">Bygdens ber\u00e4ttelser blir kroppens poesi<\/p>\n<p style=\"font-family: Arial, Helvetica, sans-serif;\">Koreografi \/ Dramatisering \/ Koncept : Linda Forsman<\/p>\n<p style=\"font-family: Arial, Helvetica, sans-serif;\">R\u00f6stbearbetning och mix : Lou T Lundqvist<\/p>\n<p style=\"font-family: Arial, Helvetica, sans-serif;\">Musik : Lou T Lundqvist<\/p>\n<p style=\"font-family: Arial, Helvetica, sans-serif;\">Live Musik och komposition : Simon St\u00e5lspets<\/p>\n<p style=\"font-family: Arial, Helvetica, sans-serif;\">Scenografi \/ Ljusdesign \/ Grafik : Lou T Lundqvist<\/p>\n<p style=\"font-family: Arial, Helvetica, sans-serif;\">Dansare : Linda Forsman, Madeleine Karlsson, Oskar Frisk<\/p>\n<p style=\"font-family: Arial, Helvetica, sans-serif;\">&nbsp;<\/p>\n<div style=\"width: 640px;\" class=\"wp-video\"><video class=\"wp-video-shortcode\" id=\"video-318-5\" width=\"640\" height=\"360\" preload=\"metadata\" controls=\"controls\"><source type=\"video\/mp4\" src=\"http:\/\/korda.org\/wp-content\/uploads\/2013\/04\/Utdrag-ur-Travellers1.mp4?_=5\" \/><a href=\"http:\/\/korda.org\/wp-content\/uploads\/2013\/04\/Utdrag-ur-Travellers1.mp4\">http:\/\/korda.org\/wp-content\/uploads\/2013\/04\/Utdrag-ur-Travellers1.mp4<\/a><\/video><\/div>\n<p style=\"font-family: Arial, Helvetica, sans-serif;\"><strong>Utdrag ur Travellers<\/strong><\/p>\n<p class=\"p1\" style=\"font-family: Arial, Helvetica, sans-serif;\">Koreografi &nbsp;\/ Koncept : Linda Forsman<\/p>\n<p class=\"p1\" style=\"font-family: Arial, Helvetica, sans-serif;\">Scenografi \/ Ljusdesign : Lou T Lundqvist<\/p>\n<p class=\"p1\" style=\"font-family: Arial, Helvetica, sans-serif;\">Dansare : Moa Westerlund, Caroline Daly, Jerry Pedersen och Henrik Norberg<\/p>\n<p class=\"p1\" style=\"font-family: Arial, Helvetica, sans-serif;\">Musik : Vestmanniaensemblen : Fl\u00f6jt : Malin Trast, Oboe : Anders Berglund, Klarinett : G\u00f6ran H\u00e4gglund, Horn : Stellan Igelstr\u00f6m, Piano : Jan B\u00fclow<\/p>\n<p class=\"p1\" style=\"font-family: Arial, Helvetica, sans-serif;\">&nbsp;<\/p>\n<div style=\"width: 640px;\" class=\"wp-video\"><video class=\"wp-video-shortcode\" id=\"video-318-6\" width=\"640\" height=\"360\" preload=\"metadata\" controls=\"controls\"><source type=\"video\/mp4\" src=\"http:\/\/korda.org\/wp-content\/uploads\/2021\/05\/x-space.mp4?_=6\" \/><a href=\"http:\/\/korda.org\/wp-content\/uploads\/2021\/05\/x-space.mp4\">http:\/\/korda.org\/wp-content\/uploads\/2021\/05\/x-space.mp4<\/a><\/video><\/div>\n<p style=\"font-family: Arial, Helvetica, sans-serif;\"><strong style=\"font-family: Arial, Helvetica, sans-serif;\">X &#8211; SPACE<\/strong><\/p>\n<p style=\"font-family: Arial, Helvetica, sans-serif;\">Koreografi \/ Koncept : Linda Forsman<\/p>\n<p style=\"font-family: Arial, Helvetica, sans-serif;\">Musik \/ Scenografi \/ Ljusdesign : Lou T Lundqvist<\/p>\n<p style=\"font-family: Arial, Helvetica, sans-serif;\">Dansare : David Price, Linda Forsman<\/p>\n<p style=\"font-family: Arial, Helvetica, sans-serif;\">&nbsp;<\/p>\n<div style=\"width: 640px;\" class=\"wp-video\"><video class=\"wp-video-shortcode\" id=\"video-318-7\" width=\"640\" height=\"360\" preload=\"metadata\" controls=\"controls\"><source type=\"video\/mp4\" src=\"http:\/\/korda.org\/wp-content\/uploads\/2021\/05\/oceanens-sang.mp4?_=7\" \/><a href=\"http:\/\/korda.org\/wp-content\/uploads\/2021\/05\/oceanens-sang.mp4\">http:\/\/korda.org\/wp-content\/uploads\/2021\/05\/oceanens-sang.mp4<\/a><\/video><\/div>\n<p style=\"font-family: Arial, Helvetica, sans-serif;\"><strong style=\"line-height: 1.4em;\">Oceanens s\u00e5ng<\/strong><\/p>\n<p style=\"font-family: Arial, Helvetica, sans-serif;\">Koreografi \/ Koncept : Linda Forsman<\/p>\n<p style=\"font-family: Arial, Helvetica, sans-serif;\">Musik \/ Scenografi \/ Ljusdesign : Lou T Lundqvist<\/p>\n<p style=\"font-family: Arial, Helvetica, sans-serif;\">Dansare : Ingrid Chaplin, Linda Forsman, \u00c5sa N \u00c5str\u00f6m<\/p>\n<p>&nbsp;<\/p>\n<p style=\"font-family: Arial, Helvetica, sans-serif;\"><a href=\"http:\/\/vimeo.com\/49658827\">Solo Bird &#8211; en dansf\u00f6rest\u00e4llning med Linda Forsman KULTURNATTA 2012-09-15 KONSTHALLEN SANDVIKEN<\/a>&nbsp;<\/p>\n<h5 style=\"font-family: Arial, Helvetica, sans-serif;\"><span style=\"font-size: medium;\"><a style=\"font-family: Arial, Helvetica, sans-serif;\" href=\"http:\/\/scenkonstportalen.riksteatern.se\/produktion\/1382\"> SOLO BIRD<\/a><\/span><\/h5>\n<p style=\"font-family: Arial, Helvetica, sans-serif;\">SOLO BIRD handlar om frig\u00f6relse och \u00e4r ett poetiskt st\u00e4llningstagande<\/p>\n<p style=\"font-family: Arial, Helvetica, sans-serif;\">En solof\u00f6rest\u00e4llning av Linda Forsman<\/p>\n<p style=\"font-family: Arial, Helvetica, sans-serif;\">Musik \/ Ambiance : Lou T Lundqvist<\/p>\n","protected":false},"excerpt":{"rendered":"<p>TRES VOCHES Koreografi \/ Regi : Linda Forsman Ljus \/ Scen Design : Lou T Lundqvist Dansare : Linda Blomqvist, Lisa Hennix, Madeleine Karlsson, Moa Westerlund och Jonathan D Sikell Musik : Peter Schuback &nbsp; HIRUNDO https:\/\/vimeo.com\/1049355489 &nbsp; &nbsp; &nbsp; &hellip; <a class=\"more-link\" href=\"https:\/\/korda.org\/?page_id=318\">L\u00e4s mer <span class=\"meta-nav\">&rarr;<\/span><\/a><\/p>\n","protected":false},"author":1,"featured_media":0,"parent":210,"menu_order":0,"comment_status":"closed","ping_status":"closed","template":"","meta":{"ngg_post_thumbnail":0,"footnotes":""},"class_list":["post-318","page","type-page","status-publish","hentry"],"_links":{"self":[{"href":"https:\/\/korda.org\/index.php?rest_route=\/wp\/v2\/pages\/318","targetHints":{"allow":["GET"]}}],"collection":[{"href":"https:\/\/korda.org\/index.php?rest_route=\/wp\/v2\/pages"}],"about":[{"href":"https:\/\/korda.org\/index.php?rest_route=\/wp\/v2\/types\/page"}],"author":[{"embeddable":true,"href":"https:\/\/korda.org\/index.php?rest_route=\/wp\/v2\/users\/1"}],"replies":[{"embeddable":true,"href":"https:\/\/korda.org\/index.php?rest_route=%2Fwp%2Fv2%2Fcomments&post=318"}],"version-history":[{"count":43,"href":"https:\/\/korda.org\/index.php?rest_route=\/wp\/v2\/pages\/318\/revisions"}],"predecessor-version":[{"id":1745,"href":"https:\/\/korda.org\/index.php?rest_route=\/wp\/v2\/pages\/318\/revisions\/1745"}],"up":[{"embeddable":true,"href":"https:\/\/korda.org\/index.php?rest_route=\/wp\/v2\/pages\/210"}],"wp:attachment":[{"href":"https:\/\/korda.org\/index.php?rest_route=%2Fwp%2Fv2%2Fmedia&parent=318"}],"curies":[{"name":"wp","href":"https:\/\/api.w.org\/{rel}","templated":true}]}}

<div style="width: 640px;" class="wp-video"><video class="wp-video-shortcode" id="video-318-1" width="640" height="360" preload="metadata" controls="controls"><source type="video/mp4" src="http://korda.org/wp-content/uploads/2013/04/Tres-Voches1.mp4?_=1" /><a href="http://korda.org/wp-content/uploads/2013/04/Tres-Voches1.mp4">http://korda.org/wp-content/uploads/2013/04/Tres-Voches1.mp4</a></video></div>
<p><strong>TRES VOCHES</strong></p>
<p style="font-family: Arial, Helvetica, sans-serif;">Koreografi / Regi : Linda Forsman</p>
<p style="font-family: Arial, Helvetica, sans-serif;">Ljus / Scen Design : Lou T Lundqvist</p>
<p style="font-family: Arial, Helvetica, sans-serif;">Dansare : Linda Blomqvist, Lisa Hennix, Madeleine Karlsson, Moa Westerlund och Jonathan D Sikell</p>
<p style="font-family: Arial, Helvetica, sans-serif;">Musik : Peter Schuback</p>
<p>&nbsp;</p>
<p><b>HIRUNDO</b></p>
<p><a href="https://vimeo.com/1049355489">https://vimeo.com/1049355489</a></p>
<p>&nbsp;</p>
<p>&nbsp;</p>
<p>&nbsp;</p>
<p>&nbsp;</p>
<div style="width: 640px;" class="wp-video"><video class="wp-video-shortcode" id="video-318-2" width="640" height="360" preload="metadata" controls="controls"><source type="video/mp4" src="http://korda.org/wp-content/uploads/2013/04/Travellers1.mp4?_=2" /><a href="http://korda.org/wp-content/uploads/2013/04/Travellers1.mp4">http://korda.org/wp-content/uploads/2013/04/Travellers1.mp4</a></video></div>
<p style="font-family: Arial, Helvetica, sans-serif;"><strong>TRAVELLERS</strong></p>
<p style="font-family: Arial, Helvetica, sans-serif;">Koreografi / Koncept : Linda Forsman</p>
<p style="font-family: Arial, Helvetica, sans-serif;">Bildregi / Ljud : Lou T Lundqvist</p>
<p style="font-family: Arial, Helvetica, sans-serif;">Foto : Eric Börjesson</p>
<p style="font-family: Arial, Helvetica, sans-serif;">Filmklipp : Jack Pergament &amp; Lou T Lundqvist</p>
<p style="font-family: Arial, Helvetica, sans-serif;">Dansare :&nbsp;Catharina Backteman, Charlotta Olsson, Maria H. Hammarlund, Sandro Gavino &#8211; Bastias</p>
<p style="font-family: Arial, Helvetica, sans-serif;">Musik : Vestmanniaensemblen : Flöjt : Malin Trast, Oboe : Anders Berglund, Klarinett : Göran Hägglund, Horn : Stellan Igelström, Piano : Jan Bülow</p>
<p style="font-family: Arial, Helvetica, sans-serif;">&nbsp;</p>
<div style="width: 640px;" class="wp-video"><video class="wp-video-shortcode" id="video-318-3" width="640" height="360" preload="metadata" controls="controls"><source type="video/mp4" src="http://korda.org/wp-content/uploads/2013/04/Nierika-kort1.mp4?_=3" /><a href="http://korda.org/wp-content/uploads/2013/04/Nierika-kort1.mp4">http://korda.org/wp-content/uploads/2013/04/Nierika-kort1.mp4</a></video></div>
<p style="font-family: Arial, Helvetica, sans-serif;"><strong>Nierika &#8211; en dansfilm</strong></p>
<p style="font-family: Arial, Helvetica, sans-serif;">Koreografi / Regi : Linda Forsman</p>
<p style="font-family: Arial, Helvetica, sans-serif;">Ljus / Scen Design : Lou T Lundqvist</p>
<p style="font-family: Arial, Helvetica, sans-serif;">Fotograf : Peter Östlund</p>
<p style="font-family: Arial, Helvetica, sans-serif;">Filmklipp : Kerstin Eriksdotter</p>
<p>Dansare : Linda Forsman, Camilla Wiehen, Paul Johnson, Robin Haggar, Michael Ramirez</p>
<p style="font-family: Arial, Helvetica, sans-serif;">Musik / Musiker : Lou T Lundqvist &amp; Johan Ask</p>
<p>Kostym : Ann- Mari Anttila</p>
<p>Måleri : Håkan Blomkvist</p>
<p>Producent : Lou T Lundqvist</p>
<p style="font-family: Arial, Helvetica, sans-serif;">&nbsp;</p>
<div style="width: 640px;" class="wp-video"><video class="wp-video-shortcode" id="video-318-4" width="640" height="360" preload="metadata" controls="controls"><source type="video/mp4" src="http://korda.org/wp-content/uploads/2013/04/ARAMAR-i-Hallonbergen1.mp4?_=4" /><a href="http://korda.org/wp-content/uploads/2013/04/ARAMAR-i-Hallonbergen1.mp4">http://korda.org/wp-content/uploads/2013/04/ARAMAR-i-Hallonbergen1.mp4</a></video></div>
<p style="font-family: Arial, Helvetica, sans-serif;"><strong>Aramar &#8211; platsen inom oss</strong></p>
<p style="font-family: Arial, Helvetica, sans-serif;">Bygdens berättelser blir kroppens poesi</p>
<p style="font-family: Arial, Helvetica, sans-serif;">Koreografi / Dramatisering / Koncept : Linda Forsman</p>
<p style="font-family: Arial, Helvetica, sans-serif;">Röstbearbetning och mix : Lou T Lundqvist</p>
<p style="font-family: Arial, Helvetica, sans-serif;">Musik : Lou T Lundqvist</p>
<p style="font-family: Arial, Helvetica, sans-serif;">Live Musik och komposition : Simon Stålspets</p>
<p style="font-family: Arial, Helvetica, sans-serif;">Scenografi / Ljusdesign / Grafik : Lou T Lundqvist</p>
<p style="font-family: Arial, Helvetica, sans-serif;">Dansare : Linda Forsman, Madeleine Karlsson, Oskar Frisk</p>
<p style="font-family: Arial, Helvetica, sans-serif;">&nbsp;</p>
<div style="width: 640px;" class="wp-video"><video class="wp-video-shortcode" id="video-318-5" width="640" height="360" preload="metadata" controls="controls"><source type="video/mp4" src="http://korda.org/wp-content/uploads/2013/04/Utdrag-ur-Travellers1.mp4?_=5" /><a href="http://korda.org/wp-content/uploads/2013/04/Utdrag-ur-Travellers1.mp4">http://korda.org/wp-content/uploads/2013/04/Utdrag-ur-Travellers1.mp4</a></video></div>
<p style="font-family: Arial, Helvetica, sans-serif;"><strong>Utdrag ur Travellers</strong></p>
<p class="p1" style="font-family: Arial, Helvetica, sans-serif;">Koreografi &nbsp;/ Koncept : Linda Forsman</p>
<p class="p1" style="font-family: Arial, Helvetica, sans-serif;">Scenografi / Ljusdesign : Lou T Lundqvist</p>
<p class="p1" style="font-family: Arial, Helvetica, sans-serif;">Dansare : Moa Westerlund, Caroline Daly, Jerry Pedersen och Henrik Norberg</p>
<p class="p1" style="font-family: Arial, Helvetica, sans-serif;">Musik : Vestmanniaensemblen : Flöjt : Malin Trast, Oboe : Anders Berglund, Klarinett : Göran Hägglund, Horn : Stellan Igelström, Piano : Jan Bülow</p>
<p class="p1" style="font-family: Arial, Helvetica, sans-serif;">&nbsp;</p>
<div style="width: 640px;" class="wp-video"><video class="wp-video-shortcode" id="video-318-6" width="640" height="360" preload="metadata" controls="controls"><source type="video/mp4" src="http://korda.org/wp-content/uploads/2021/05/x-space.mp4?_=6" /><a href="http://korda.org/wp-content/uploads/2021/05/x-space.mp4">http://korda.org/wp-content/uploads/2021/05/x-space.mp4</a></video></div>
<p style="font-family: Arial, Helvetica, sans-serif;"><strong style="font-family: Arial, Helvetica, sans-serif;">X &#8211; SPACE</strong></p>
<p style="font-family: Arial, Helvetica, sans-serif;">Koreografi / Koncept : Linda Forsman</p>
<p style="font-family: Arial, Helvetica, sans-serif;">Musik / Scenografi / Ljusdesign : Lou T Lundqvist</p>
<p style="font-family: Arial, Helvetica, sans-serif;">Dansare : David Price, Linda Forsman</p>
<p style="font-family: Arial, Helvetica, sans-serif;">&nbsp;</p>
<div style="width: 640px;" class="wp-video"><video class="wp-video-shortcode" id="video-318-7" width="640" height="360" preload="metadata" controls="controls"><source type="video/mp4" src="http://korda.org/wp-content/uploads/2021/05/oceanens-sang.mp4?_=7" /><a href="http://korda.org/wp-content/uploads/2021/05/oceanens-sang.mp4">http://korda.org/wp-content/uploads/2021/05/oceanens-sang.mp4</a></video></div>
<p style="font-family: Arial, Helvetica, sans-serif;"><strong style="line-height: 1.4em;">Oceanens sång</strong></p>
<p style="font-family: Arial, Helvetica, sans-serif;">Koreografi / Koncept : Linda Forsman</p>
<p style="font-family: Arial, Helvetica, sans-serif;">Musik / Scenografi / Ljusdesign : Lou T Lundqvist</p>
<p style="font-family: Arial, Helvetica, sans-serif;">Dansare : Ingrid Chaplin, Linda Forsman, Åsa N Åström</p>
<p>&nbsp;</p>
<p style="font-family: Arial, Helvetica, sans-serif;"><a href="http://vimeo.com/49658827">Solo Bird &#8211; en dansföreställning med Linda Forsman KULTURNATTA 2012-09-15 KONSTHALLEN SANDVIKEN</a>&nbsp;</p>
<h5 style="font-family: Arial, Helvetica, sans-serif;"><span style="font-size: medium;"><a style="font-family: Arial, Helvetica, sans-serif;" href="http://scenkonstportalen.riksteatern.se/produktion/1382"> SOLO BIRD</a></span></h5>
<p style="font-family: Arial, Helvetica, sans-serif;">SOLO BIRD handlar om frigörelse och är ett poetiskt ställningstagande</p>
<p style="font-family: Arial, Helvetica, sans-serif;">En soloföreställning av Linda Forsman</p>
<p style="font-family: Arial, Helvetica, sans-serif;">Musik / Ambiance : Lou T Lundqvist</p>

<p>TRES VOCHES Koreografi / Regi : Linda Forsman Ljus / Scen Design : Lou T Lundqvist Dansare : Linda Blomqvist, Lisa Hennix, Madeleine Karlsson, Moa Westerlund och Jonathan D Sikell Musik : Peter Schuback &nbsp; HIRUNDO https://vimeo.com/1049355489 &nbsp; &nbsp; &nbsp; &hellip; <a class="more-link" href="https://korda.org/?page_id=318">Läs mer <span class="meta-nav">&rarr;</span></a></p>
